
-17
Suppose 17 = -3*k - 4*o, -k + 6*o + 7 = o. Let w = k + 33. Let z be (-12)/w + (-51)/45*-3. Let u(f) = -f**3 + 4*f**2 + f - 1. Give u(z).
11
Let h(m) = -1195*m**2 + 578*m**2 - 3*m + 613*m**2 - 3*m - 7 - 3*m**3. Calculate h(-3).
56
Let n be (-20)/(-6) - 6/(-9). Let i(r) be the third derivative of -5/3*r**3 + 0*r + 1/8*r**4 - 61*r**2 + 0. Determine i(n).
2
Let a be 0/(-6*2/4). Suppose a = 3*w - 45 + 54. Let j(y) = y**3 + y - 1. Let h(k) = 2*k**2 - k. Let v(z) = h(z) + j(z). Give v(w).
-10
Let i(r) = -22*r + 31. Let g be i(3). Let p be (-150)/g + (-38)/(-14) + -3. Let v be 14/2 - (7 - p). Let f(q) = -q**2 + 2*q - 1. Calculate f(v).
-9
Let o(h) = 5*h**2 + 35604 - h**3 - 17815 - 12*h + 10*h**2 - 17809 - 13*h. Determine o(13).
-7
Let o(i) = -34467*i - 1 + 69004*i - 34452*i. Give o(1).
84
Let c(y) = 5*y - 1. Let x(t) = -5*t + 1. Let z(j) = -3*c(j) - 2*x(j). Let l be 5/(-55)*-35 - (-2)/(-11). Let g be 1 + (-1 - (l - (4 + -2))). What is z(g)?
6
Let u(o) = -17*o - 2. Suppose 4*x + 4 = 2*z + 2, -4*z = 4. Calculate u(x).
15
Let r(t) be the third derivative of -2*t**6/15 - t**5/60 + t**4/6 + 5*t**3/6 + 3*t**2 + 84*t - 1. What is r(-2)?
121
Let p(n) be the third derivative of n**5/30 + 11*n**4/24 + n**3/2 + 1023*n**2. Give p(-5).
-2
Suppose 5*u - u + i = 247, 2*u - i - 119 = 0. Let s = -59 + u. Let b(w) = 3*w**3 - 43*w**2 + 40*w**2 - s*w**3 + w + 2. What is b(3)?
5
Suppose 4*s + 3*m - 19 = 0, -3*s + 18 = s + 2*m. Let h be (1/2 + -1)*s. Let v(i) = -310*i + i**2 + 103*i + i**2 + 102*i + 104*i. Give v(h).
10
Let o(d) = -d**3 + 16*d**2 + d - 10. Let s = -736 - -796. Suppose 48 = -57*z + s*z. What is o(z)?
6
Let q be 0/((-1)/(1 - 2)). Let j(u) = -2*u + 3325 + q*u - 3323. Suppose 3*i - 5 = -0*n - 2*n, 0 = -3*n - i - 3. Calculate j(n).
6
Let o(m) = 2*m**2 + 3*m + 1. Let u be (-2)/(-1) + (-372)/(-12). Let x = 134 - u. Suppose x = -p + 99. What is o(p)?
3
Let j(s) be the third derivative of s**5/60 - 3*s**4/8 + 2*s**3 + 10*s**2. Suppose 0 = 9*a + 406 - 469. What is j(a)?
-2
Let c(r) = -r**2 + 20*r - 86. Suppose -247 + 1143 = 56*v. Calculate c(v).
-22
Let g be ((-12)/9 + 1)/(3/(-351)). Suppose n + g = 5*u, -u - 3*n = -2 + 7. Let p(l) = 11 + l**2 - 10 + u - l. Give p(0).
8
Let o(g) = -g**3 + 11*g**2 + 11*g + 13. Let q(n) = -n**3 - 13*n**2 - 45*n - 70. Let z be q(-9). Calculate o(z).
134
Let b(d) = d**2 + 31*d + 187. Let l(u) = 10*u**2 + 44*u - 6. Let s be l(-4). Determine b(s).
-11
Let m = -129 + 122. Let u(s) be the third derivative of 0 + 0*s + 34*s**2 - 1/60*s**5 - 7/24*s**4 - 1/3*s**3. Give u(m).
-2
Let i(r) = r**3 - 3*r**2 - 3. Let q(u) = -u**3 - 7*u**2 - 7*u - 4. Let s be q(-6). Let y(o) = -2*o**3 + 7*o**2 + 6. Let d(n) = s*y(n) + 5*i(n). Give d(-3).
-39
Suppose 0 = -18*w + 35*w - 1241. Suppose 8*s + 55 = -w. Let h(n) = -n**3 - 17*n**2 - 17*n - 11. Give h(s).
5
Let f(b) = 285*b + 681. Let x(w) = -300*w - 681. Let s(a) = -11*f(a) - 10*x(a). Determine s(-5).
-6
Let r(b) = 28 - 76 - b**3 - 2*b**2 + 14 + 13 + 18. Let j = 6 - 9. Calculate r(j).
6
Let j(w) be the second derivative of -w**3 - 5*w**2/2 - 3586*w. What is j(-4)?
19
Let h = 157 - 155. Let q(t) = 10*t + 18*t + 3*t**h - 29*t. Let g(r) = r**3 + 13*r**2 - r - 12. Let d be g(-13). What is q(d)?
2
Let l = 80 + -87. Let c(t) = 3*t**3 - 6*t**2 - 9*t + 1. Let z(n) = -8*n**3 + 11*n**2 + 19*n - 3. Let u(y) = 5*c(y) + 2*z(y). Determine u(l).
-1
Let k(d) be the second derivative of -d**5/20 + 3*d**4/4 - 13*d**3/6 - 13*d**2/2 - d + 1314. Determine k(4).
15
Let a be 4 - -10 - 10 - (2/2)/1. Let x be 0 + (1 - 2) + 1. Let b(s) = -2 + 3*s - s**2 + x + s. What is b(a)?
1
Let m be (1 - -1) + (-2 - 561). Let i = -555 - m. Let d(g) = -2*g + 14. What is d(i)?
2
Let x(a) be the first derivative of -a**4/4 + 2*a**3 + 3*a**2/2 + 2*a - 12. Let h be x(6). Suppose 15*c - 19*c = -h. Let j(s) = -3*s + 4. Give j(c).
-11
Let b(a) = -a**2 - 11*a - 23. Suppose -24*n - 31*n - 140 = 300. Give b(n).
1
Let t(c) = -c**3 - 8*c**2 + 12*c - 9. Let d(m) = -4*m**3 - 34*m**2 + 49*m - 37. Let k(i) = -4*d(i) + 15*t(i). What is k(-17)?
-4
Let y(g) = -g**3 - 9*g**2 + 6*g - 34. Let s be ((-15)/(-2))/(-21*(-24)/(-672)). What is y(s)?
6
Let k(i) = 2*i**2 - 21*i + 15. Suppose -39 = -27*m + 220 + 38. Calculate k(m).
26
Let g(z) be the second derivative of -z**3/2 - 35*z**2/2 - 2*z + 2082. Determine g(-13).
4
Let m(g) be the first derivative of 0*g - 16/3*g**3 - 3/4*g**4 - 1/120*g**5 + 0*g**2 + 18. Let a(u) be the third derivative of m(u). Calculate a(0).
-18
Let m = 136 - 130. Suppose m*k + k = 18*k. Let c(x) = x**3 + x**2 - x - 1. Calculate c(k).
-1
Let n(h) = h**3 + 19*h**2 - 45*h - 61. Let a be n(-21). Let z(q) = 2*q**2 - 3*q**2 - 3*q**2 - 2*q**3 - 7*q**2 + 0*q**3 - a - 4*q. What is z(-5)?
-7
Suppose 0 = 4118*b - 4105*b - 26. Let y(v) be the second derivative of -1/12*v**4 + b*v + 7/6*v**3 + 0 - 5/2*v**2. Determine y(6).
1
Let c(t) = -4*t**2 + 35*t + 51. Let u = -13415 - -13425. Calculate c(u).
1
Let n(f) = -f**2 + 10*f - 97. Let l be n(10). Let j = l + 101. Let t(c) = -2*c. Let o(q) = -3*q. Let i(p) = -3*o(p) + 4*t(p). What is i(j)?
4
Let z(b) be the third derivative of 5*b**6/8 + b**5/30 - b**4/12 + b**3/6 - 2*b**2 + 57. Give z(1).
76
Let m(n) = -2*n**2 - 166*n + 874. Let r be m(-88). Let b(c) = -2*c**2 - 13*c - 12. Calculate b(r).
-6
Let j(h) = 15*h + 145. Let n(t) = t**3 - 13*t**2 + 33*t + 26. Let z be n(5). Calculate j(z).
10
Let a = 196 - 184. Let m be (-4)/a + 4/3. Let c(g) = 21*g**3 - g**2 - g + 1. Give c(m).
20
Suppose d = -5*m + 8 - 28, m - 4*d = 17. Let z(f) = -4*f**2 - 4*f - 7. Let a(j) = 3*j**2 + 4*j + 5. Let u(b) = m*a(b) - 2*z(b). Determine u(-5).
-6
Let m(r) = 3*r + 85. Suppose 154 + 2804 = -101*y - y. Determine m(y).
-2
Let a(x) = -5*x**3 - 6*x**2 - x + 1. Let y(d) = -25*d**3 - 21*d**2 + 4*d + 12. Let s(f) = 3*a(f) - y(f). Calculate s(-1).
-9
Let h(s) = -3 - 11*s**3 + 375*s + 379*s - 752*s - s**2. Give h(2).
-91
Let y(q) = -q**3 + 3*q**2 + 3*q - 1. Let d be 2*((-105)/6)/(-7). Suppose -8 = d*v + 17, v = -3*f - 200. Let r be 4/(-10) + (-286)/f. Determine y(r).
-5
Let z be 1 + 3 + -5 - 4. Let n(p) = -p**2 - 11*p + 3*p + 3*p. Give n(z).
0
Let c(d) = 28*d + 10. Let v(r) = 9*r + 3. Let t(h) = 3*c(h) - 10*v(h). Let k = 16043 + -16045. Give t(k).
12
Let j(f) = -f**3 - 18*f**2 - 15*f + 36. Let p be -1 - -4*12/(-3). Let u be j(p). Suppose -3*k + 0*l = l + 7, -3*k = u*l + 11. Let h(z) = 5*z**2. What is h(k)?
5
Let g(v) be the third derivative of -7*v**6/120 - v**5/6 + v**4/6 + v**3/2 - 173*v**2 + 4. Calculate g(-2).
11
Let u(j) = -j**2 - 9*j + 916. Let s be u(26). Let w(t) = -t**3 + 4*t**2 + 18*t - 12. Give w(s).
24
Let r(o) = -172*o + 935. Let d(b) = 364*b - 1872. Let y(x) = 2*d(x) + 5*r(x). What is y(7)?
7
Let i(x) = -x**3 + 18*x**2 - 19*x + 26. Let t be ((264/36)/22)/((-5 - -2)/(-153)). Calculate i(t).
-8
Let t(m) = m**2 - 133759 - 15*m - 133700 + 267522. What is t(8)?
7
Let v(i) be the first derivative of -i**3/3 - 3*i**2/2 - 2*i - 1382. Give v(-3).
-2
Let n(y) = -28*y - y**3 + 8*y - 264 - 6*y + 252 - 27*y**2. Give n(-26).
-12
Let y(s) be the first derivative of 7*s**2 + 19*s - 1699. Give y(0).
19
Let y(a) be the third derivative of 3*a**5/20 + 33*a**4/8 - 2*a**2 + 82*a - 25. What is y(-11)?
0
Let l(v) = 2*v**2 - 4*v + 3. Let z(w) = -5*w - 21. Let n be z(8). Let a = -60 - n. Let g be a - (-7)/(-4) - 66/(-24). Determine l(g).
3
Suppose 28*r - 975 = 3*r - 40*r. Let a(z) = -2*z - 10. Calculate a(r).
-40
Let d(z) = -2*z**2 + 19*z + 5. Suppose -w - 7*u = -9*u + 3, 0 = w - 5*u. Let q be (26 + -30)*w/2. Determine d(q).
-5
Let u(r) = r + 1. Suppose 43*d - 5 = 38*d. Let v(z) = -5*z**2 + 9 + 2 - z - d + 4*z**2. Let y(c) = 5*u(c) - v(c). Determine y(-6).
-5
Let m(c) = -18*c + 1 - 4 + 4 + 22*c + c**2. Let h(v) = 2*v - 2*v**2 + 3*v - 2*v. Let a be h(2). What is m(a)?
-3
Let m(w) = w**3 - 5*w**2 - 15*w + 8. Let z be m(7). Let v(g) = -g - 3. Let c(r) = -5*r - 21. Let f(t) = -3*c(t) + 21*v(t). What is f(z)?
-6
Let z(l) be the first derivative of -2*l**3 + 7*l**2 + 12*l - 2193. Calculate z(3).
0
Let v(p) = 61*p - 1293. Let q be v(21). Let l(w) = w**3 + 12*w**2 + 3*w + 14. Calculate l(q).
-22
Let x(i) = 25 - 7*i + 8*i - 24*i + 16*i. Calculate x(10).
-45
Suppose -133 = -4*p + 5*a, 4*p + a - 178 = -51. Suppose 28*b = p*b - 20. Let n(k) = -k + 11. Give n(b).
6